d derivative of -k**6/120 + 7*k**5/60 + k**4/12 - 2*k**3/3 + 2*k**2. What is the remainder when 39 is divided by u(7)?
9
Suppose -39 = 2*j + 5*i + 46, 3*j = -i - 121. Let z = j - -67. Calculate the remainder when z is divided by 10.
7
What is the remainder when ((-588)/36)/((-1)/3) is divided by 13?
10
What is the remainder when 27 is divided by (3 - 5)/(6/(-21))?
6
Let n(i) = -i**2 - 16*i - 18. Let d be n(-14). Suppose d + 2 = 2*b. What is the remainder when 22 is divided by b?
4
Suppose -4*a + 408 = 2*a. Calculate the remainder when a is divided by 18.
14
Let v(w) = -w - 4. Let o be v(-5). What is the remainder when 80/2 - 1*-1 is divided by o/1 + 13/1?
13
Let z(y) = -9*y + 17. Let t(q) = q + 4. Let w be t(4). Suppose -24 - w = -2*v. Calculate the remainder when z(-5) is divided by v.
14
Let i(r) = 11*r + 1. Let c be i(-1). Let s = -7 - c. Suppose s*o - o = 26. What is the remainder when o is divided by 4?
1
Let m(n) = n**3 - 2*n**2 - 2*n + 2. Let a be m(3). Let l(q) = 9*q - 10. Let o(c) = 10*c - 1. Calculate the remainder when l(a) is divided by o(1).
8
Let y(k) = 2*k - 3. Let f be y(2). Calculate the remainder when 64 is divided by 3 + (2 - f) - -29.
31
Let q(a) = 9*a. Let o be q(1). Suppose -3*f + o = -141. What is the remainder when f is divided by 26?
24
Suppose 0 = -3*z - 2*z + 15. Suppose z*y = 4*y + 5*a - 28, -3*a + 78 = 4*y. Calculate the remainder when 69 is divided by y.
15
Let a(b) = -9*b**3 - 3 + b**3 - 2*b**3 - 2*b - 3*b**2 + 2*b**3. Let x be (-2)/(-1)*(0 - 1). Calculate the remainder when a(x) is divided by 18.
17
Let x(k) = 4*k + 0*k + 0*k. Let c be x(1). Suppose 4*q + q = c*r - 57, 0 = 4*q + 20. Calculate the remainder when 14 is divided by r.
6
Let n(i) = 11*i + 5. Suppose -4 = -2*z + 22. Calculate the remainder when n(3) is divided by z.
12
Suppose -2*u + u = -4. Suppose o + 6 = 3*o. Suppose -15 = -o*j + w - u*w, -16 = -2*j + w. What is the remainder when 19 is divided by j?
5
Let o(q) = q**2 - 5*q - 3. Let a be o(10). Suppose 5*l - u - 81 = 0, 0*l + u = 3*l - a. Calculate the remainder when 31 is divided by l.
14
Suppose 3*r - 20 = 19. Let p be 1 - -1 - (1 - 2). Suppose -4*o + p + r = 0. Calculate the remainder when 10 is divided by o.
2
Let r = -1291 - -1311. Let n(h) = 10*h**2 + 5*h. Let y be n(-4). Let s = y + -81. Calculate the remainder when s is divided by r.
19
Let y(m) = -2*m + 1. Let f be y(-2). Let x = f - 3. Suppose -4*w - b = -3*b - 40, x*w = -2*b + 26. What is the remainder when 31 is divided by w?
9
Suppose -5*d + 5*w + 240 = 0, 6*d + 82 = 8*d + 5*w. What is the remainder when d is divided by 16?
14
Suppose 2*c - 2*g - 43 + 15 = 0, 0 = -4*c - 5*g + 83. Let v = -40 - -85. Suppose -7*o + v = -2*o. Calculate the remainder when c is divided by o.
8
Suppose -18 = -7*f + 4*f + 3*g, -4*f + 6 = 2*g. Suppose -5*x = 5*u - 40, -u = 3*x + f*u - 27. Calculate the remainder when 13 is divided by x.
3
What is the remainder when (-472)/(-18) + (-2)/9 is divided by 8?
2
Calculate the remainder when (-128 + -1 + (-3 - -3))/(-1) is divided by 33.
30
Suppose -2*p + p = -4*j - 70, 0 = -4*p + 5*j + 247. Suppose -5*f - m + p = m, f + 5*m = 7. Calculate the remainder when 22 is divided by f.
10
Suppose -9 = -3*w - 6, -5*h = -2*w - 73. What is the remainder when 41 is divided by h?
11
Let g = -57 - -70. Suppose 0*d + 145 = 5*d + 5*u, -3*u = -d + 13. What is the remainder when d is divided by g?
12
Calculate the remainder when 350/4 - 4/(-8) is divided by 13.
10
Let i(t) = 3*t + 5. Let z be i(4). Let k = -8 + z. What is the remainder when k is divided by 4?
1
Suppose -8*p + 47 = -145. Calculate the remainder when 69 is divided by p.
21
Let p(v) = -v**3 + 7*v**2 - 6*v + 16. What is the remainder when p(6) is divided by 9?
7
Let f be ((-35)/(-4))/(3/12). Suppose -6 - 18 = -2*n - 3*d, 3*n + 4*d - f = 0. What is the remainder when 17 is divided by n?
8
Let c(h) = h**2 + 6*h + 10. Suppose -3*d = f - 14, 0 = 4*f + 3*d - 0*d - 56. Calculate the remainder when c(-8) is divided by f.
12
Let g(w) = 2*w**3 - 5*w + 2. Suppose 0 = -7*o + 3*o - 8. What is the remainder when 219/15 - o/5 is divided by g(2)?
7
Let s(h) = -27*h + 1. Suppose 1 + 4 = -5*q. Let a(l) = -11*l**3 + 2*l + 1. What is the remainder when s(q) is divided by a(-1)?
8
Let w(h) = 12*h**2 - 8*h - 9. Calculate the remainder when 218 is divided by w(-2).
53
Let t be 4/((-100)/34 + 3). Suppose 3*r - t = 58. What is the remainder when r is divided by 15?
12
Let i(g) = -g + 14. What is the remainder when 3 is divided by i(13)?
0
Suppose -5*b - 3*j - 47 + 252 = 0, 4*b + 5*j = 164. Let v = b - 14. Calculate the remainder when v is divided by 14.
13
Suppose 4*y - 223 = -35*w + 32*w, 2*w - 142 = 4*y. What is the remainder when w is divided by (2/4)/(2/100)?
23
Let k = -32 + 22. Let z = -2 - k. Let y = 6 + z. What is the remainder when 40 is divided by y?
12
Suppose 2*w + 86 = -0*u + 3*u, -4*w = -u + 152. Let m = w + 60. What is the remainder when m is divided by (6/4)/3*24?
11
Let d(f) = -3*f - 16. Let l(p) = -p**3 - p**2 + 3*p - 2. Calculate the remainder when d(-12) is divided by l(-3).
6
Let y = -14 - -35. Calculate the remainder when y is divided by (0 - -3)*(-22)/(-6).
10
Let l = -3 + 8. Suppose l*y - 31 - 84 = 0. Suppose 0 = -2*k + 3 + y. Calculate the remainder when 37 is divided by k.
11
Let m(w) be the second derivative of 10*w**3/3 + w**2 - 3*w. What is the remainder when m(1) is divided by 8?
6
Let b = -38 - -65. Let k(f) = -f**3 - 5*f**2 + 7*f + 4. Suppose -3*u + 3*x = 36, -30 = -2*u + 7*u + x. What is the remainder when k(u) is divided by b?
26
Let u(q) be the first derivative of 4*q**3/3 - 2*q - 1. Let w(v) = 3*v**2 - v. Let l be w(1). Calculate the remainder when 27 is divided by u(l).
13
Suppose -5*o - 4 = 2*k - 0, -5*k - o = -36. What is the remainder when 22 is divided by k?
6
Let p(g) = 3*g**2 - 4*g - 4. What is the remainder when 12 is divided by p(-1)?
0
Suppose 0*q - 3*q = -57. Let c = 12 - 8. Suppose c = -2*t + 2, -2*p + 2*t = -24. What is the remainder when q is divided by p?
8
Suppose 312 = -4*b - v - 3*v, -3*v + 298 = -4*b. What is the remainder when 74/(-3)*6/(-2) is divided by (b/(-6))/((-44)/(-66))?
17
Suppose w + n = -40 - 25, 3*w - 3*n + 201 = 0. Let l = w + 161. Suppose -l - 9 = -4*o. What is the remainder when o is divided by 9?
8
What is the remainder when (2 + 2 - 2) + 32 is divided by 18?
16
Suppose -11*o + 1467 = -2306. What is the remainder when o is divided by 43?
42
Let f be 3 - (2 + 3 + -5). What is the remainder when (342/27)/(1/f) is divided by (-39 - 0)*2/(-6)?
12
Let k(j) = 2*j + 40. Calculate the remainder when k(0) is divided by 15.
10
Let a = 12 + -22. Let n be ((-8)/a)/(6/15). Suppose n*u - 96 + 28 = 0. What is the remainder when u is divided by 12?
10
Suppose 5*v = 14 + 46. What is the remainder when 21 is divided by v?
9
Let f(k) = k + 3. Calculate the remainder when f(20) is divided by 6.
5
Let j(p) = -2*p**2 + 9*p + 17. Let r be j(13). Calculate the remainder when 78 is divided by 12/(-30) + r/(-10).
18
Let z = -11 + 6. Let d = -29 + 19. What is the remainder when 1*z/(d/48) is divided by 13?
11
Let r(z) be the second derivative of 5*z**3/6 - 9*z**2/2 + 2*z. Calculate the remainder when r(3) is divided by 3.
0
Let b be 4/(-6)*3 - -75. Suppose 2*f - 4*v - 50 = -2*v, -b = -3*f + v. What is the remainder when f is divided by 7?
3
Suppose 0 = -2*x + 4*f - 2, f = -x + 4*f - 4. Let d be (2/(-4) + 0)*-4. Suppose 3 = d*k - 3. What is the remainder when x is divided by k?
2
Let r = 18 - 7. Calculate the remainder when (-61)/(-3) - (-16)/24 is divided by r.
10
Calculate the remainder when (1*-2)/((112/664)/(-7)) is divided by 22.
17
Suppose w = 3 + 1. Suppose w*j = -0*u + u + 3, 0 = -3*j + 12. What is the remainder when u is divided by 7?
6
Suppose 5*c + 3*f - 704 = 0, 0*c = -c - 3*f + 136. Calculate the remainder when c is divided by 18.
16
Let x(d) = 4*d - 5 - 2 + 0*d. Calculate the remainder when 24 is divided by x(5).
11
Suppose 14 = 3*g - 16. Let o = g + -6. Suppose 4*a - 4*h = 32, 0 = -a + 5*a + 5*h + 13. Calculate the remainder when o is divided by a.
1
Suppose -n - 5*r = -38, 88 = 6*n - 3*n + 2*r. What is the remainder when n is divided by 6?
4
Let c(g) = g**2 + 27. Suppose -3*a = 4*l - 24 - 13, -5*l + 5 = a. What is the remainder when